{"id":19413,"date":"2020-11-10T18:38:38","date_gmt":"2020-11-10T17:38:38","guid":{"rendered":"https:\/\/www.lepicerieduphare.fr\/accueil\/?post_type=product&#038;p=19413"},"modified":"2024-06-12T12:46:27","modified_gmt":"2024-06-12T10:46:27","slug":"fleur-de-sel-de-guerande-caramel-a-tartiner-270g","status":"publish","type":"product","link":"https:\/\/www.lepicerieduphare.fr\/accueil\/produit\/chocolat-brest-idee-cadeaux\/fleur-de-sel-de-guerande-caramel-a-tartiner-270g\/","title":{"rendered":"Fleur de Sel de Gu\u00e9rande &#8211; Caramel \u00e0 Tartiner 270G"},"content":{"rendered":"<h1 class=\"h1\">Fleur de Sel de Gu\u00e9rande &#8211; Caramel \u00e0 Tartiner 270G<\/h1>\n<div id=\"product-description-short\">\n<p>Le Comptoir de Mathilde est le sp\u00e9cialiste de la p\u00e2te \u00e0 tartiner artisanale SANS huile de palme NI OGM. Confectionn\u00e9e \u00e0 partir d&#8217;ingr\u00e9dients de qualit\u00e9, ce caramel \u00e0 tartiner \u00e0 la fleur de sel de Gu\u00e9rande est \u00e0\u00a0d\u00e9guster sans mod\u00e9ration.<strong><br \/>\n<\/strong><\/p>\n<\/div>\n","protected":false},"excerpt":{"rendered":"<p>Fleur de Sel de Gu\u00e9rande &#8211; Caramel \u00e0 Tartiner 270G Le Comptoir de Mathilde est le sp\u00e9cialiste de la p\u00e2te \u00e0&#8230;<\/p>\n","protected":false},"featured_media":19414,"template":"","meta":{"_monsterinsights_skip_tracking":false,"_monsterinsights_sitenote_active":false,"_monsterinsights_sitenote_note":"","_monsterinsights_sitenote_category":0},"product_brand":[],"product_cat":[124],"product_tag":[],"class_list":{"0":"post-19413","1":"product","2":"type-product","3":"status-publish","4":"has-post-thumbnail","6":"product_cat-pates-a-tartiner","8":"first","9":"outofstock","10":"shipping-taxable","11":"purchasable","12":"product-type-simple"},"jetpack_sharing_enabled":true,"_links":{"self":[{"href":"https:\/\/www.lepicerieduphare.fr\/accueil\/wp-json\/wp\/v2\/product\/19413","targetHints":{"allow":["GET"]}}],"collection":[{"href":"https:\/\/www.lepicerieduphare.fr\/accueil\/wp-json\/wp\/v2\/product"}],"about":[{"href":"https:\/\/www.lepicerieduphare.fr\/accueil\/wp-json\/wp\/v2\/types\/product"}],"version-history":[{"count":0,"href":"https:\/\/www.lepicerieduphare.fr\/accueil\/wp-json\/wp\/v2\/product\/19413\/revisions"}],"wp:featuredmedia":[{"embeddable":true,"href":"https:\/\/www.lepicerieduphare.fr\/accueil\/wp-json\/wp\/v2\/media\/19414"}],"wp:attachment":[{"href":"https:\/\/www.lepicerieduphare.fr\/accueil\/wp-json\/wp\/v2\/media?parent=19413"}],"wp:term":[{"taxonomy":"product_brand","embeddable":true,"href":"https:\/\/www.lepicerieduphare.fr\/accueil\/wp-json\/wp\/v2\/product_brand?post=19413"},{"taxonomy":"product_cat","embeddable":true,"href":"https:\/\/www.lepicerieduphare.fr\/accueil\/wp-json\/wp\/v2\/product_cat?post=19413"},{"taxonomy":"product_tag","embeddable":true,"href":"https:\/\/www.lepicerieduphare.fr\/accueil\/wp-json\/wp\/v2\/product_tag?post=19413"}],"curies":[{"name":"wp","href":"https:\/\/api.w.org\/{rel}","templated":true}]}}