{"id":19210,"date":"2020-10-18T22:17:21","date_gmt":"2020-10-18T20:17:21","guid":{"rendered":"https:\/\/www.lepicerieduphare.fr\/?post_type=product&#038;p=19210"},"modified":"2022-01-07T10:14:38","modified_gmt":"2022-01-07T09:14:38","slug":"mini-madeleines-aux-eclats-de-chocolat-250g","status":"publish","type":"product","link":"https:\/\/www.lepicerieduphare.fr\/accueil\/produit\/chocolat-brest-idee-cadeaux\/mini-madeleines-aux-eclats-de-chocolat-250g\/","title":{"rendered":"Mini madeleines aux \u00c9clats de chocolat 250G"},"content":{"rendered":"<h1 class=\"h1\">Mini madeleines aux \u00c9clats de chocolat 250G<\/h1>\n<div id=\"product-description-short\">\n<p>A emporter partout avec sois, pour un <strong>go\u00fbter <\/strong>improvis\u00e9, une douceur apr\u00e8s le <strong>d\u00e9jeunez <\/strong>ou tout simplement un <strong>encas <\/strong>de la journ\u00e9e ! Nos <strong>mini madeleines aux \u00e9clats de chocolat <\/strong>savoureuses et moelleuses se marieront \u00e0 chaque instant.<\/p>\n<p>D\u00e9couvrez \u00e9galement nos mini madeleines <strong>mini madeleines aux perles de sucre<\/strong>, <strong>mini madeleines caramel beurre sal\u00e9<\/strong> et nos <strong>mini madeleines nature.<\/strong><\/p>\n<\/div>\n","protected":false},"excerpt":{"rendered":"<p>Mini madeleines aux \u00c9clats de chocolat 250G A emporter partout avec sois, pour un go\u00fbter improvis\u00e9, une douceur apr\u00e8s le d\u00e9jeunez&#8230;<\/p>\n","protected":false},"featured_media":19211,"template":"","meta":{"_monsterinsights_skip_tracking":false,"_monsterinsights_sitenote_active":false,"_monsterinsights_sitenote_note":"","_monsterinsights_sitenote_category":0},"product_brand":[],"product_cat":[138],"product_tag":[],"class_list":{"0":"post-19210","1":"product","2":"type-product","3":"status-publish","4":"has-post-thumbnail","6":"product_cat-biscuits","8":"first","9":"instock","10":"shipping-taxable","11":"purchasable","12":"product-type-simple"},"jetpack_sharing_enabled":true,"_links":{"self":[{"href":"https:\/\/www.lepicerieduphare.fr\/accueil\/wp-json\/wp\/v2\/product\/19210","targetHints":{"allow":["GET"]}}],"collection":[{"href":"https:\/\/www.lepicerieduphare.fr\/accueil\/wp-json\/wp\/v2\/product"}],"about":[{"href":"https:\/\/www.lepicerieduphare.fr\/accueil\/wp-json\/wp\/v2\/types\/product"}],"version-history":[{"count":0,"href":"https:\/\/www.lepicerieduphare.fr\/accueil\/wp-json\/wp\/v2\/product\/19210\/revisions"}],"wp:featuredmedia":[{"embeddable":true,"href":"https:\/\/www.lepicerieduphare.fr\/accueil\/wp-json\/wp\/v2\/media\/19211"}],"wp:attachment":[{"href":"https:\/\/www.lepicerieduphare.fr\/accueil\/wp-json\/wp\/v2\/media?parent=19210"}],"wp:term":[{"taxonomy":"product_brand","embeddable":true,"href":"https:\/\/www.lepicerieduphare.fr\/accueil\/wp-json\/wp\/v2\/product_brand?post=19210"},{"taxonomy":"product_cat","embeddable":true,"href":"https:\/\/www.lepicerieduphare.fr\/accueil\/wp-json\/wp\/v2\/product_cat?post=19210"},{"taxonomy":"product_tag","embeddable":true,"href":"https:\/\/www.lepicerieduphare.fr\/accueil\/wp-json\/wp\/v2\/product_tag?post=19210"}],"curies":[{"name":"wp","href":"https:\/\/api.w.org\/{rel}","templated":true}]}}

Mini madeleines aux Éclats de chocolat 250G

<h1 class="h1">Mini madeleines aux Éclats de chocolat 250G</h1>
<div id="product-description-short">
<p>A emporter partout avec sois, pour un <strong>goûter </strong>improvisé, une douceur après le <strong>déjeunez </strong>ou tout simplement un <strong>encas </strong>de la journée ! Nos <strong>mini madeleines aux éclats de chocolat </strong>savoureuses et moelleuses se marieront à chaque instant.</p>
<p>Découvrez également nos mini madeleines <strong>mini madeleines aux perles de sucre</strong>, <strong>mini madeleines caramel beurre salé</strong> et nos <strong>mini madeleines nature.</strong></p>
</div>

<p>Mini madeleines aux Éclats de chocolat 250G A emporter partout avec sois, pour un goûter improvisé, une douceur après le déjeunez&#8230;</p>
