{"id":19163,"date":"2020-10-15T19:18:37","date_gmt":"2020-10-15T17:18:37","guid":{"rendered":"https:\/\/www.lepicerieduphare.fr\/?post_type=product&#038;p=19163"},"modified":"2022-01-10T21:34:43","modified_gmt":"2022-01-10T20:34:43","slug":"truffe-chocolat-blond-aux-eclats-de-caramel-150g","status":"publish","type":"product","link":"https:\/\/www.lepicerieduphare.fr\/accueil\/produit\/chocolat-brest-idee-cadeaux\/truffe-chocolat-blond-aux-eclats-de-caramel-150g\/","title":{"rendered":"Truffe Chocolat Blond aux \u00e9clats de caramel 150G"},"content":{"rendered":"<h1 class=\"h1\">Truffe Chocolat Blond aux \u00e9clats de caramel<\/h1>\n<div class=\"product-information\">\n<div id=\"product-description-short-2260\">\n<p>R\u00e9alis\u00e9es dans notre manufacture, nos <strong>truffes de chocolat blond aux \u00e9clats de caramel <\/strong>vous invitent \u00e0 une destination gustative douce, tendre et surtout gourmande .. Comme sur votre petit nuage, d\u00e9gustez nos truffes en encas, lors du go\u00fbter ou apr\u00e8s vos d\u00e9jeuner.<\/p>\n<p>Pour varier vos plaisir, optez \u00e9galement pour nos <strong>truffes Chocolat Noir au gru\u00e9 de cacao caram\u00e9lis\u00e9<\/strong> et nos <strong>truffes Chocolat au Lait aux \u00e9clats de noisettes<\/strong>.<\/p>\n<\/div>\n<\/div>\n","protected":false},"excerpt":{"rendered":"<p>Truffe Chocolat Blond aux \u00e9clats de caramel R\u00e9alis\u00e9es dans notre manufacture, nos truffes de chocolat blond aux \u00e9clats de caramel vous&#8230;<\/p>\n","protected":false},"featured_media":19164,"template":"","meta":{"_monsterinsights_skip_tracking":false,"_monsterinsights_sitenote_active":false,"_monsterinsights_sitenote_note":"","_monsterinsights_sitenote_category":0},"product_brand":[],"product_cat":[116],"product_tag":[],"class_list":{"0":"post-19163","1":"product","2":"type-product","3":"status-publish","4":"has-post-thumbnail","6":"product_cat-chocolat-a-casser","8":"first","9":"instock","10":"shipping-taxable","11":"purchasable","12":"product-type-simple"},"jetpack_sharing_enabled":true,"_links":{"self":[{"href":"https:\/\/www.lepicerieduphare.fr\/accueil\/wp-json\/wp\/v2\/product\/19163","targetHints":{"allow":["GET"]}}],"collection":[{"href":"https:\/\/www.lepicerieduphare.fr\/accueil\/wp-json\/wp\/v2\/product"}],"about":[{"href":"https:\/\/www.lepicerieduphare.fr\/accueil\/wp-json\/wp\/v2\/types\/product"}],"version-history":[{"count":1,"href":"https:\/\/www.lepicerieduphare.fr\/accueil\/wp-json\/wp\/v2\/product\/19163\/revisions"}],"predecessor-version":[{"id":20163,"href":"https:\/\/www.lepicerieduphare.fr\/accueil\/wp-json\/wp\/v2\/product\/19163\/revisions\/20163"}],"wp:featuredmedia":[{"embeddable":true,"href":"https:\/\/www.lepicerieduphare.fr\/accueil\/wp-json\/wp\/v2\/media\/19164"}],"wp:attachment":[{"href":"https:\/\/www.lepicerieduphare.fr\/accueil\/wp-json\/wp\/v2\/media?parent=19163"}],"wp:term":[{"taxonomy":"product_brand","embeddable":true,"href":"https:\/\/www.lepicerieduphare.fr\/accueil\/wp-json\/wp\/v2\/product_brand?post=19163"},{"taxonomy":"product_cat","embeddable":true,"href":"https:\/\/www.lepicerieduphare.fr\/accueil\/wp-json\/wp\/v2\/product_cat?post=19163"},{"taxonomy":"product_tag","embeddable":true,"href":"https:\/\/www.lepicerieduphare.fr\/accueil\/wp-json\/wp\/v2\/product_tag?post=19163"}],"curies":[{"name":"wp","href":"https:\/\/api.w.org\/{rel}","templated":true}]}}