{"id":18999,"date":"2020-05-17T21:05:48","date_gmt":"2020-05-17T19:05:48","guid":{"rendered":"https:\/\/www.lepicerieduphare.fr\/?post_type=product&#038;p=18999"},"modified":"2022-09-16T17:56:31","modified_gmt":"2022-09-16T15:56:31","slug":"mendiant-myrtilles-et-noix-de-pecan-caramelises-chocolat-noir-240g-copie","status":"publish","type":"product","link":"https:\/\/www.lepicerieduphare.fr\/accueil\/produit\/chocolat-brest-idee-cadeaux\/mendiant-myrtilles-et-noix-de-pecan-caramelises-chocolat-noir-240g-copie\/","title":{"rendered":"4 Choc Assortiment Gourmandises 400G"},"content":{"rendered":"<h1 class=\"h1\">4 Choc Assortiment Gourmandises<\/h1>\n<div id=\"product-description-short\">\n<p>D\u00e9couvrez notre <strong>chocolat \u00e0 casser gourmand<\/strong>, compos\u00e9 de <strong>3 chocolats<\/strong> pour le plus grand plaisir des fin amateurs\u00a0: 3 gourmandises pour 3 moments plaisirs et 3 envies : <strong>Chocolat<\/strong> au <strong>lait <\/strong>avec <strong>amandes<\/strong> <strong>caram\u00e9lis\u00e9es <\/strong>et <strong>galette Bretonne<\/strong>, chocolat de couverture <strong>ruby <\/strong>avec <strong>fraise <\/strong>et <strong>\u00e9clats <\/strong>de <strong>meringues<\/strong>., <strong>chocolat noir<\/strong> avec <strong>Oscar<\/strong>.<\/p>\n<p>Le <strong>chocolat Ruby<\/strong> d\u00e9tient des notes fruit\u00e9es intenses et acidul\u00e9es. Sans ajout de colorants ou d&#8217;ar\u00f4mes de fruits, vous avez l&#8217;assurance de d\u00e9guster une chocolat de qualit\u00e9.<\/p>\n<p>Le Chocolat Ruby peut voir sa couleur alt\u00e9rer lors d\u2019une trop grande exposition \u00e0 la lumi\u00e8re.<\/p>\n<p><b>Ingr\u00e9dients : <\/b> Chocolat au LAIT 44% (sucre, beurre de cacao 24%, poudre de LAIT entier 22,5%, p\u00e2te de cacao 11%, \u00e9mulsifiant : l\u00e9cithine de SOJA, ar\u00f4me naturel de vanille. Cacao : 33% minimum), chocolat de couverture 24,3% (sucre, beurre de cacao, poudre de LAIT entier, p\u00e2te de cacao, \u00e9mulsifiant: l\u00e9cithine de SOJA, acidifiant: acide citrique, ar\u00f4me naturel de vanille. Cacao: 40% minimum), chocolat noir 22,1% (p\u00e2te de cacao 64%, sucre, beurre de cacao 9%, \u00e9mulsifiant : l\u00e9cithine de SOJA, ar\u00f4me naturel de vanille. Cacao : 70% minimum), AMANDES caram\u00e9lis\u00e9es 3,7% (AMANDES, sucre, caramel (eau,sucre), sel), guimauve enrob\u00e9e de chocolat au LAIT 2,4% (sirop de glucose-fructose, sucre, eau, beurre de cacao, poudre de LAIT entier, p\u00e2te de cacao, g\u00e9latine (porc), LACTOSERUM en poudre, \u00e9mulsifiant (l\u00e9cithine de tournesol, ar\u00f4mes), galette bretonne 2,1% (farine de BLE, sucre, BEURRE concentr\u00e9 reconstitu\u00e9 22% (colorant: E160a), jaune d&#8217;\u0152UFS, \u0152UFS entiers, sel, poudres \u00e0 lever: diphosphate et carbonate acide de sodium, bicarbonate d\u2019ammonium, amidon de BLE), poudre de LAIT \u00e9cr\u00e9m\u00e9, sucre vanillin\u00e9, antioxydant : acide ascorbique), \u00e9clats de meringue 0,87% (sucre, blanc d&#8217;OEUF), fraises lyophilis\u00e9es 0,24%.<\/p>\n<\/div>\n","protected":false},"excerpt":{"rendered":"<h1 class=\"h1\">4 Choc Assortiment Gourmandises<\/h1>\n<div id=\"vue-product-prices\" class=\"product-prices\">\n<div class=\"product-price h5 \">\n<div class=\"current-price\">Un joli cadeau \u00e0 offrir !<\/div>\n<\/div>\n<\/div>\n<div id=\"product-description-short\">\n<p>D\u00e9couvrez notre <strong>chocolat \u00e0 casser gourmand<\/strong>, compos\u00e9 de <strong>3 chocolats<\/strong> pour le plus grand plaisir des fin amateurs\u00a0: 3 gourmandises pour 3 moments plaisirs et 3 envies : <strong>Chocolat<\/strong> au <strong>lait <\/strong>avec <strong>amandes<\/strong> <strong>caram\u00e9lis\u00e9es <\/strong>et <strong>galette Bretonne<\/strong>, chocolat de couverture <strong>ruby <\/strong>avec <strong>fraise <\/strong>et <strong>\u00e9clats <\/strong>de <strong>meringues<\/strong>., <strong>chocolat noir<\/strong> avec <strong>Oscar<\/strong>.<\/p>\n<p>Le <strong>chocolat Ruby<\/strong> d\u00e9tient des notes fruit\u00e9es intenses et acidul\u00e9es. Sans ajout de colorants ou d&#8217;ar\u00f4mes de fruits, vous avez l&#8217;assurance de d\u00e9guster une chocolat de qualit\u00e9.<\/p>\n<p>Le Chocolat Ruby peut voir sa couleur alt\u00e9rer lors d\u2019une trop grande exposition \u00e0 la lumi\u00e8re.<\/p>\n<\/div>\n","protected":false},"featured_media":19000,"template":"","meta":{"_monsterinsights_skip_tracking":false,"_monsterinsights_sitenote_active":false,"_monsterinsights_sitenote_note":"","_monsterinsights_sitenote_category":0},"product_brand":[],"product_cat":[116],"product_tag":[],"class_list":{"0":"post-18999","1":"product","2":"type-product","3":"status-publish","4":"has-post-thumbnail","6":"product_cat-chocolat-a-casser","8":"first","9":"instock","10":"shipping-taxable","11":"purchasable","12":"product-type-simple"},"jetpack_sharing_enabled":true,"_links":{"self":[{"href":"https:\/\/www.lepicerieduphare.fr\/accueil\/wp-json\/wp\/v2\/product\/18999","targetHints":{"allow":["GET"]}}],"collection":[{"href":"https:\/\/www.lepicerieduphare.fr\/accueil\/wp-json\/wp\/v2\/product"}],"about":[{"href":"https:\/\/www.lepicerieduphare.fr\/accueil\/wp-json\/wp\/v2\/types\/product"}],"version-history":[{"count":2,"href":"https:\/\/www.lepicerieduphare.fr\/accueil\/wp-json\/wp\/v2\/product\/18999\/revisions"}],"predecessor-version":[{"id":20541,"href":"https:\/\/www.lepicerieduphare.fr\/accueil\/wp-json\/wp\/v2\/product\/18999\/revisions\/20541"}],"wp:featuredmedia":[{"embeddable":true,"href":"https:\/\/www.lepicerieduphare.fr\/accueil\/wp-json\/wp\/v2\/media\/19000"}],"wp:attachment":[{"href":"https:\/\/www.lepicerieduphare.fr\/accueil\/wp-json\/wp\/v2\/media?parent=18999"}],"wp:term":[{"taxonomy":"product_brand","embeddable":true,"href":"https:\/\/www.lepicerieduphare.fr\/accueil\/wp-json\/wp\/v2\/product_brand?post=18999"},{"taxonomy":"product_cat","embeddable":true,"href":"https:\/\/www.lepicerieduphare.fr\/accueil\/wp-json\/wp\/v2\/product_cat?post=18999"},{"taxonomy":"product_tag","embeddable":true,"href":"https:\/\/www.lepicerieduphare.fr\/accueil\/wp-json\/wp\/v2\/product_tag?post=18999"}],"curies":[{"name":"wp","href":"https:\/\/api.w.org\/{rel}","templated":true}]}}