{"id":18916,"date":"2020-05-10T21:39:46","date_gmt":"2020-05-10T19:39:46","guid":{"rendered":"https:\/\/www.lepicerieduphare.fr\/?post_type=product&#038;p=18916"},"modified":"2021-03-10T12:20:46","modified_gmt":"2021-03-10T11:20:46","slug":"blanc-coco-pate-a-tartiner-250g","status":"publish","type":"product","link":"https:\/\/www.lepicerieduphare.fr\/accueil\/produit\/chocolat-brest-idee-cadeaux\/blanc-coco-pate-a-tartiner-250g\/","title":{"rendered":"Blanc Coco &#8211; P\u00e2te \u00e0 Tartiner 250G"},"content":{"rendered":"<h1 class=\"h1\">Blanc Coco &#8211; P\u00e2te \u00e0 Tartiner<\/h1>\n<div id=\"product-description-short\">\n<p>Le Comptoir de Mathilde est le sp\u00e9cialiste de la p\u00e2te \u00e0 tartiner artisanale SANS huile de palme NI<br \/>\nOGM. Confectionn\u00e9e \u00e0 partir d&#8217;ingr\u00e9dients de qualit\u00e9, cette p\u00e2te \u00e0 tartiner blanc noix de coco est<br \/>\n\u00e0\u00a0d\u00e9guster sans mod\u00e9ration.<strong><br \/>\n<\/strong><\/p>\n<\/div>\n<p><b>Ingr\u00e9dients : <\/b> Sucre, graisses v\u00e9g\u00e9tales (huiles : tournesol, grignon d&#8217;olives, carthame et beurre de cacao), p\u00e2te de NOISETTES 20%, LAIT \u00e9cr\u00e9m\u00e9 en poudre, poudre de noix de coco 1,5%, ar\u00f4me de noix de coco, \u00e9mulsifiant : l\u00e9cithine de SOJA.<\/p>\n","protected":false},"excerpt":{"rendered":"<p>Blanc Coco &#8211; P\u00e2te \u00e0 Tartiner Le Comptoir de Mathilde est le sp\u00e9cialiste de la p\u00e2te \u00e0 tartiner artisanale SANS huile&#8230;<\/p>\n","protected":false},"featured_media":18917,"template":"","meta":{"_monsterinsights_skip_tracking":false,"_monsterinsights_sitenote_active":false,"_monsterinsights_sitenote_note":"","_monsterinsights_sitenote_category":0},"product_brand":[],"product_cat":[124],"product_tag":[],"class_list":{"0":"post-18916","1":"product","2":"type-product","3":"status-publish","4":"has-post-thumbnail","6":"product_cat-pates-a-tartiner","8":"first","9":"instock","10":"shipping-taxable","11":"purchasable","12":"product-type-simple"},"jetpack_sharing_enabled":true,"_links":{"self":[{"href":"https:\/\/www.lepicerieduphare.fr\/accueil\/wp-json\/wp\/v2\/product\/18916","targetHints":{"allow":["GET"]}}],"collection":[{"href":"https:\/\/www.lepicerieduphare.fr\/accueil\/wp-json\/wp\/v2\/product"}],"about":[{"href":"https:\/\/www.lepicerieduphare.fr\/accueil\/wp-json\/wp\/v2\/types\/product"}],"version-history":[{"count":1,"href":"https:\/\/www.lepicerieduphare.fr\/accueil\/wp-json\/wp\/v2\/product\/18916\/revisions"}],"predecessor-version":[{"id":18986,"href":"https:\/\/www.lepicerieduphare.fr\/accueil\/wp-json\/wp\/v2\/product\/18916\/revisions\/18986"}],"wp:featuredmedia":[{"embeddable":true,"href":"https:\/\/www.lepicerieduphare.fr\/accueil\/wp-json\/wp\/v2\/media\/18917"}],"wp:attachment":[{"href":"https:\/\/www.lepicerieduphare.fr\/accueil\/wp-json\/wp\/v2\/media?parent=18916"}],"wp:term":[{"taxonomy":"product_brand","embeddable":true,"href":"https:\/\/www.lepicerieduphare.fr\/accueil\/wp-json\/wp\/v2\/product_brand?post=18916"},{"taxonomy":"product_cat","embeddable":true,"href":"https:\/\/www.lepicerieduphare.fr\/accueil\/wp-json\/wp\/v2\/product_cat?post=18916"},{"taxonomy":"product_tag","embeddable":true,"href":"https:\/\/www.lepicerieduphare.fr\/accueil\/wp-json\/wp\/v2\/product_tag?post=18916"}],"curies":[{"name":"wp","href":"https:\/\/api.w.org\/{rel}","templated":true}]}}