{"id":18902,"date":"2020-05-09T18:29:30","date_gmt":"2020-05-09T16:29:30","guid":{"rendered":"https:\/\/www.lepicerieduphare.fr\/?post_type=product&#038;p=18902"},"modified":"2021-10-04T10:11:39","modified_gmt":"2021-10-04T08:11:39","slug":"courgettes-grillees-au-miel-90g","status":"publish","type":"product","link":"https:\/\/www.lepicerieduphare.fr\/accueil\/produit\/chocolat-brest-idee-cadeaux\/courgettes-grillees-au-miel-90g\/","title":{"rendered":"Courgettes grill\u00e9es au miel 90G"},"content":{"rendered":"<h1 class=\"h1\">Courgettes grill\u00e9es au miel<\/h1>\n<div id=\"product-description-short\">\n<p>Le go\u00fbt unique de la <strong>courgette<\/strong> <strong>grill\u00e9e <\/strong>alli\u00e9e \u00e0 un <strong>miel <\/strong>d&#8217;exception ! Notre tartinable <strong>sucr\u00e9<\/strong>&#8211;<strong>sal\u00e9 <\/strong>ne manquera pas de go\u00fbt ! Faites d\u00e9couvrir les plaisirs des <strong>l\u00e9gumes <\/strong>\u00e0 votre entourage et osez l&#8217;originalit\u00e9 cr\u00e9ative.<\/p>\n<\/div>\n","protected":false},"excerpt":{"rendered":"<h1 class=\"h1\">Courgettes grill\u00e9es au miel<\/h1>\n<div id=\"product-description-short\">\n<p>Le go\u00fbt unique de la <strong>courgette<\/strong> <strong>grill\u00e9e <\/strong>alli\u00e9e \u00e0 un <strong>miel <\/strong>d&#8217;exception ! Notre tartinable <strong>sucr\u00e9<\/strong>&#8211;<strong>sal\u00e9 <\/strong>ne manquera pas de go\u00fbt ! Faites d\u00e9couvrir les plaisirs des <strong>l\u00e9gumes <\/strong>\u00e0 votre entourage et osez l&#8217;originalit\u00e9 cr\u00e9ative.<\/p>\n<\/div>\n","protected":false},"featured_media":18903,"template":"","meta":{"_monsterinsights_skip_tracking":false,"_monsterinsights_sitenote_active":false,"_monsterinsights_sitenote_note":"","_monsterinsights_sitenote_category":0},"product_brand":[],"product_cat":[120],"product_tag":[],"class_list":{"0":"post-18902","1":"product","2":"type-product","3":"status-publish","4":"has-post-thumbnail","6":"product_cat-apero","8":"first","9":"instock","10":"shipping-taxable","11":"purchasable","12":"product-type-simple"},"jetpack_sharing_enabled":true,"_links":{"self":[{"href":"https:\/\/www.lepicerieduphare.fr\/accueil\/wp-json\/wp\/v2\/product\/18902","targetHints":{"allow":["GET"]}}],"collection":[{"href":"https:\/\/www.lepicerieduphare.fr\/accueil\/wp-json\/wp\/v2\/product"}],"about":[{"href":"https:\/\/www.lepicerieduphare.fr\/accueil\/wp-json\/wp\/v2\/types\/product"}],"version-history":[{"count":0,"href":"https:\/\/www.lepicerieduphare.fr\/accueil\/wp-json\/wp\/v2\/product\/18902\/revisions"}],"wp:featuredmedia":[{"embeddable":true,"href":"https:\/\/www.lepicerieduphare.fr\/accueil\/wp-json\/wp\/v2\/media\/18903"}],"wp:attachment":[{"href":"https:\/\/www.lepicerieduphare.fr\/accueil\/wp-json\/wp\/v2\/media?parent=18902"}],"wp:term":[{"taxonomy":"product_brand","embeddable":true,"href":"https:\/\/www.lepicerieduphare.fr\/accueil\/wp-json\/wp\/v2\/product_brand?post=18902"},{"taxonomy":"product_cat","embeddable":true,"href":"https:\/\/www.lepicerieduphare.fr\/accueil\/wp-json\/wp\/v2\/product_cat?post=18902"},{"taxonomy":"product_tag","embeddable":true,"href":"https:\/\/www.lepicerieduphare.fr\/accueil\/wp-json\/wp\/v2\/product_tag?post=18902"}],"curies":[{"name":"wp","href":"https:\/\/api.w.org\/{rel}","templated":true}]}}