{"id":18898,"date":"2020-05-09T18:12:52","date_gmt":"2020-05-09T16:12:52","guid":{"rendered":"https:\/\/www.lepicerieduphare.fr\/?post_type=product&#038;p=18898"},"modified":"2021-10-04T10:12:07","modified_gmt":"2021-10-04T08:12:07","slug":"chili-tex-mex-90g","status":"publish","type":"product","link":"https:\/\/www.lepicerieduphare.fr\/accueil\/produit\/chocolat-brest-idee-cadeaux\/chili-tex-mex-90g\/","title":{"rendered":"Chili tex mex 90G"},"content":{"rendered":"<h1 class=\"h1\">Chili tex mex<\/h1>\n<div id=\"product-description-short\">\n<p>D\u00e9couvrons ensemble le <strong>Mexique <\/strong>! Gorg\u00e9 de <strong>l\u00e9gumes <\/strong>vari\u00e9s et d&#8217;<strong>\u00e9pices<\/strong> multiples, le <strong>chili<\/strong> <strong>tex mex <\/strong>vous fera saliver avec gourmandise !<\/p>\n<p>Les vacances ne sont qu&#8217;\u00e0 port\u00e9es de bouche !<\/p>\n<\/div>\n<p><b>Ingr\u00e9dients : <\/b> Haricots rouges 30,5% (haricots, eau, sel), oignons 16,7%, poivrons 13,9%, aubergine 11,1%, huile de colza, ma\u00efs 5,8% (ma\u00efs, eau, sucre), concentr\u00e9 de tomates 4%, vinaigre, oignon en poudre, sel de Gu\u00e9rande, \u00e9pices 1,2%, ail, persil.<\/p>\n","protected":false},"excerpt":{"rendered":"<h1 class=\"h1\">Chili tex mex<\/h1>\n<div id=\"product-description-short\">\n<p>D\u00e9couvrons ensemble le <strong>Mexique <\/strong>! Gorg\u00e9 de <strong>l\u00e9gumes <\/strong>vari\u00e9s et d&#8217;<strong>\u00e9pices<\/strong> multiples, le <strong>chili<\/strong> <strong>tex mex <\/strong>vous fera saliver avec gourmandise !<\/p>\n<p>Les vacances ne sont qu&#8217;\u00e0 port\u00e9es de bouche !<\/p>\n<\/div>\n","protected":false},"featured_media":18899,"template":"","meta":{"_monsterinsights_skip_tracking":false,"_monsterinsights_sitenote_active":false,"_monsterinsights_sitenote_note":"","_monsterinsights_sitenote_category":0},"product_brand":[],"product_cat":[120],"product_tag":[],"class_list":{"0":"post-18898","1":"product","2":"type-product","3":"status-publish","4":"has-post-thumbnail","6":"product_cat-apero","8":"first","9":"instock","10":"shipping-taxable","11":"purchasable","12":"product-type-simple"},"jetpack_sharing_enabled":true,"_links":{"self":[{"href":"https:\/\/www.lepicerieduphare.fr\/accueil\/wp-json\/wp\/v2\/product\/18898","targetHints":{"allow":["GET"]}}],"collection":[{"href":"https:\/\/www.lepicerieduphare.fr\/accueil\/wp-json\/wp\/v2\/product"}],"about":[{"href":"https:\/\/www.lepicerieduphare.fr\/accueil\/wp-json\/wp\/v2\/types\/product"}],"version-history":[{"count":0,"href":"https:\/\/www.lepicerieduphare.fr\/accueil\/wp-json\/wp\/v2\/product\/18898\/revisions"}],"wp:featuredmedia":[{"embeddable":true,"href":"https:\/\/www.lepicerieduphare.fr\/accueil\/wp-json\/wp\/v2\/media\/18899"}],"wp:attachment":[{"href":"https:\/\/www.lepicerieduphare.fr\/accueil\/wp-json\/wp\/v2\/media?parent=18898"}],"wp:term":[{"taxonomy":"product_brand","embeddable":true,"href":"https:\/\/www.lepicerieduphare.fr\/accueil\/wp-json\/wp\/v2\/product_brand?post=18898"},{"taxonomy":"product_cat","embeddable":true,"href":"https:\/\/www.lepicerieduphare.fr\/accueil\/wp-json\/wp\/v2\/product_cat?post=18898"},{"taxonomy":"product_tag","embeddable":true,"href":"https:\/\/www.lepicerieduphare.fr\/accueil\/wp-json\/wp\/v2\/product_tag?post=18898"}],"curies":[{"name":"wp","href":"https:\/\/api.w.org\/{rel}","templated":true}]}}