{"id":18894,"date":"2020-05-09T17:37:35","date_gmt":"2020-05-09T15:37:35","guid":{"rendered":"https:\/\/www.lepicerieduphare.fr\/?post_type=product&#038;p=18894"},"modified":"2021-10-04T10:12:36","modified_gmt":"2021-10-04T08:12:36","slug":"parmesane-daubergine-90g","status":"publish","type":"product","link":"https:\/\/www.lepicerieduphare.fr\/accueil\/produit\/chocolat-brest-idee-cadeaux\/parmesane-daubergine-90g\/","title":{"rendered":"Parmesane d&#8217;Aubergine 90G"},"content":{"rendered":"<h1 class=\"h1\">Parmesane d&#8217;Aubergine<\/h1>\n<div id=\"product-description-short\">\n<p>Le Comptoir de Mathilde a toujours su se mettre en qu\u00eate des meilleures recettes <strong>d&#8217;\u00e9picerie fine <\/strong>pour offrir saveurs et raffinement. Retrouvez au travers de notre <strong>Parmesane d&#8217;aubergine <\/strong>toutes les saveurs de <strong>l&#8217;Italie <\/strong>.. et ses diverses associations culinaires.<\/p>\n<\/div>\n<p><b>Ingr\u00e9dients : <\/b> Aubergines grill\u00e9es 54%, oignon grill\u00e9, concentr\u00e9 de tomates, huile de tournesol, FROMAGE (LAIT de vache, sel pr\u00e9sure), Parmesan 2,5% (LAIT de vache, sel, pr\u00e9sure), sel, huile d&#8217;olive, ar\u00f4me naturel, ail.<\/p>\n","protected":false},"excerpt":{"rendered":"<h1 class=\"h1\">Parmesane d&#8217;Aubergine<\/h1>\n<div id=\"product-description-short\">\n<p>Le Comptoir de Mathilde a toujours su se mettre en qu\u00eate des meilleures recettes <strong>d&#8217;\u00e9picerie fine <\/strong>pour offrir saveurs et raffinement. Retrouvez au travers de notre <strong>Parmesane d&#8217;aubergine <\/strong>toutes les saveurs de <strong>l&#8217;Italie <\/strong>.. et ses diverses associations culinaires.<\/p>\n<\/div>\n","protected":false},"featured_media":18895,"template":"","meta":{"_monsterinsights_skip_tracking":false,"_monsterinsights_sitenote_active":false,"_monsterinsights_sitenote_note":"","_monsterinsights_sitenote_category":0},"product_brand":[],"product_cat":[120],"product_tag":[],"class_list":{"0":"post-18894","1":"product","2":"type-product","3":"status-publish","4":"has-post-thumbnail","6":"product_cat-apero","8":"first","9":"instock","10":"shipping-taxable","11":"purchasable","12":"product-type-simple"},"jetpack_sharing_enabled":true,"_links":{"self":[{"href":"https:\/\/www.lepicerieduphare.fr\/accueil\/wp-json\/wp\/v2\/product\/18894","targetHints":{"allow":["GET"]}}],"collection":[{"href":"https:\/\/www.lepicerieduphare.fr\/accueil\/wp-json\/wp\/v2\/product"}],"about":[{"href":"https:\/\/www.lepicerieduphare.fr\/accueil\/wp-json\/wp\/v2\/types\/product"}],"version-history":[{"count":0,"href":"https:\/\/www.lepicerieduphare.fr\/accueil\/wp-json\/wp\/v2\/product\/18894\/revisions"}],"wp:featuredmedia":[{"embeddable":true,"href":"https:\/\/www.lepicerieduphare.fr\/accueil\/wp-json\/wp\/v2\/media\/18895"}],"wp:attachment":[{"href":"https:\/\/www.lepicerieduphare.fr\/accueil\/wp-json\/wp\/v2\/media?parent=18894"}],"wp:term":[{"taxonomy":"product_brand","embeddable":true,"href":"https:\/\/www.lepicerieduphare.fr\/accueil\/wp-json\/wp\/v2\/product_brand?post=18894"},{"taxonomy":"product_cat","embeddable":true,"href":"https:\/\/www.lepicerieduphare.fr\/accueil\/wp-json\/wp\/v2\/product_cat?post=18894"},{"taxonomy":"product_tag","embeddable":true,"href":"https:\/\/www.lepicerieduphare.fr\/accueil\/wp-json\/wp\/v2\/product_tag?post=18894"}],"curies":[{"name":"wp","href":"https:\/\/api.w.org\/{rel}","templated":true}]}}