{"id":18851,"date":"2020-05-09T15:50:19","date_gmt":"2020-05-09T13:50:19","guid":{"rendered":"https:\/\/www.lepicerieduphare.fr\/?post_type=product&#038;p=18851"},"modified":"2021-10-04T10:14:35","modified_gmt":"2021-10-04T08:14:35","slug":"sel-rose-de-lhimalaya-mini-moulin-50g","status":"publish","type":"product","link":"https:\/\/www.lepicerieduphare.fr\/accueil\/produit\/chocolat-brest-idee-cadeaux\/sel-rose-de-lhimalaya-mini-moulin-50g\/","title":{"rendered":"Sel Rose de l&#8217;Himalaya &#8211; Mini Moulin 50G"},"content":{"rendered":"<h1 class=\"h1\">Sel Rose de l&#8217;Himalaya &#8211; Mini Moulin<\/h1>\n<div id=\"vue-product-prices\" class=\"product-prices\">\n<div class=\"product-price h5 \">\n<div class=\"current-price\">9,90\u00a0\u20ac<\/div>\n<p class=\"product-unit-price sub\">(19,80\u00a0\u20ac 100g)<\/p>\n<\/div>\n<\/div>\n<div id=\"product-description-short\">\n<p><strong>Mini Moulin<\/strong> transparent au design \u00e9l\u00e9gant pour habiller vos tables.\u00a0Form\u00e9 il y a plus de 200\u00a0millions d\u2019ann\u00e9es, ce <strong>sel pur <\/strong>et <strong>vierge <\/strong>est \u00e9galement appel\u00e9 \u00ab\u00a0<strong>Sel des Rois<\/strong>\u00a0\u00bb pour ses <strong>propri\u00e9t\u00e9s exceptionnelles<\/strong>. On le dit bon pour c\u0153ur et les art\u00e8res mais aussi apaisant pour les peaux sensibles. Son caract\u00e8re \u00e9quilibr\u00e9, exaltera les saveurs de nombreux aliments tout en pr\u00e9servant leur go\u00fbt.<\/p>\n<\/div>\n","protected":false},"excerpt":{"rendered":"<h1 class=\"h1\">Sel Rose de l&#8217;Himalaya &#8211; Mini Moulin<\/h1>\n<div id=\"vue-product-prices\" class=\"product-prices\">\n<div class=\"product-price h5 \">\n<div class=\"current-price\">9,90\u00a0\u20ac<\/div>\n<p class=\"product-unit-price sub\">(19,80\u00a0\u20ac 100g)<\/p>\n<\/div>\n<\/div>\n<div id=\"product-description-short\">\n<p><strong>Mini Moulin<\/strong> transparent au design \u00e9l\u00e9gant pour habiller vos tables.\u00a0Form\u00e9 il y a plus de 200\u00a0millions d\u2019ann\u00e9es, ce <strong>sel pur <\/strong>et <strong>vierge <\/strong>est \u00e9galement appel\u00e9 \u00ab\u00a0<strong>Sel des Rois<\/strong>\u00a0\u00bb pour ses <strong>propri\u00e9t\u00e9s exceptionnelles<\/strong>. On le dit bon pour c\u0153ur et les art\u00e8res mais aussi apaisant pour les peaux sensibles. Son caract\u00e8re \u00e9quilibr\u00e9, exaltera les saveurs de nombreux aliments tout en pr\u00e9servant leur go\u00fbt.<\/p>\n<\/div>\n","protected":false},"featured_media":18852,"template":"","meta":{"_monsterinsights_skip_tracking":false,"_monsterinsights_sitenote_active":false,"_monsterinsights_sitenote_note":"","_monsterinsights_sitenote_category":0},"product_brand":[],"product_cat":[119],"product_tag":[],"class_list":{"0":"post-18851","1":"product","2":"type-product","3":"status-publish","4":"has-post-thumbnail","6":"product_cat-sels-poivres","8":"first","9":"instock","10":"shipping-taxable","11":"purchasable","12":"product-type-simple"},"jetpack_sharing_enabled":true,"_links":{"self":[{"href":"https:\/\/www.lepicerieduphare.fr\/accueil\/wp-json\/wp\/v2\/product\/18851","targetHints":{"allow":["GET"]}}],"collection":[{"href":"https:\/\/www.lepicerieduphare.fr\/accueil\/wp-json\/wp\/v2\/product"}],"about":[{"href":"https:\/\/www.lepicerieduphare.fr\/accueil\/wp-json\/wp\/v2\/types\/product"}],"version-history":[{"count":0,"href":"https:\/\/www.lepicerieduphare.fr\/accueil\/wp-json\/wp\/v2\/product\/18851\/revisions"}],"wp:featuredmedia":[{"embeddable":true,"href":"https:\/\/www.lepicerieduphare.fr\/accueil\/wp-json\/wp\/v2\/media\/18852"}],"wp:attachment":[{"href":"https:\/\/www.lepicerieduphare.fr\/accueil\/wp-json\/wp\/v2\/media?parent=18851"}],"wp:term":[{"taxonomy":"product_brand","embeddable":true,"href":"https:\/\/www.lepicerieduphare.fr\/accueil\/wp-json\/wp\/v2\/product_brand?post=18851"},{"taxonomy":"product_cat","embeddable":true,"href":"https:\/\/www.lepicerieduphare.fr\/accueil\/wp-json\/wp\/v2\/product_cat?post=18851"},{"taxonomy":"product_tag","embeddable":true,"href":"https:\/\/www.lepicerieduphare.fr\/accueil\/wp-json\/wp\/v2\/product_tag?post=18851"}],"curies":[{"name":"wp","href":"https:\/\/api.w.org\/{rel}","templated":true}]}}