{"id":18784,"date":"2020-04-26T15:21:29","date_gmt":"2020-04-26T13:21:29","guid":{"rendered":"https:\/\/www.lepicerieduphare.fr\/?post_type=product&#038;p=18784"},"modified":"2022-09-16T17:53:06","modified_gmt":"2022-09-16T15:53:06","slug":"canele-a-larmagnac-260g","status":"publish","type":"product","link":"https:\/\/www.lepicerieduphare.fr\/accueil\/produit\/chocolat-brest-idee-cadeaux\/canele-a-larmagnac-260g\/","title":{"rendered":"Canel\u00e9 \u00e0 l&#8217;Armagnac 260G"},"content":{"rendered":"<h1 class=\"h1\">Canel\u00e9 \u00e0 l&#8217;Armagnac<\/h1>\n<div id=\"vue-product-prices\" class=\"product-prices\">\n<div class=\"product-price h5 \">\n<div class=\"current-price\">10,90\u00a0\u20ac<\/div>\n<p class=\"product-unit-price sub\">(38,07\u00a0\u20ac Litre)<\/p>\n<\/div>\n<\/div>\n<div id=\"product-description-short\">\n<p>Le dessert a toujours avoir dans son placard : de d\u00e9licieux canel\u00e9s imbib\u00e9s d&#8217;un succulent sirop \u00e0 l&#8217;armagnac !<\/p>\n<p>260g : 6 Canel\u00e9s.<\/p>\n<\/div>\n<div class=\"product-actions\">\n<form id=\"add-to-cart-or-refresh\" action=\"https:\/\/www.lecomptoirdemathilde.com\/fr\/panier\" method=\"post\">\n<div class=\"product-add-to-cart\">\n<div class=\"product-quantity\">\n<div class=\"qty\">\n<div class=\"input-group bootstrap-touchspin\">\n<p><b>Ingr\u00e9dients : <\/b> Sirop 60,8% (sirop de glucose, eau, sucre , armagnac 9,7%, acide citrique), canel\u00e9s 39,2% (eau, sucre, farine de BLE, rhum, pr\u00e9paration lact\u00e9e (LACTOSERUM, mati\u00e8re grasse v\u00e9g\u00e9tale : coprah, prot\u00e9ines de LAIT, LAIT \u00e9cr\u00e9m\u00e9), poudre d&#8217;OEUFS entiers, ar\u00f4me vanille).<\/p>\n<p><b>Informations compl\u00e9mentaires : <\/b> Alcool r\u00e9siduel inf\u00e9rieur \u00e0 4,8% vol. Ne convient pas aux enfants et aux femmes enceintes.<\/p>\n<\/div>\n<\/div>\n<\/div>\n<\/div>\n<\/form>\n<\/div>\n","protected":false},"excerpt":{"rendered":"<h1 class=\"h1\">Canel\u00e9 \u00e0 l&#8217;Armagnac<\/h1>\n<div id=\"vue-product-prices\" class=\"product-prices\">\n<div class=\"product-price h5 \">\n<div class=\"current-price\">10,90\u00a0\u20ac<\/div>\n<p class=\"product-unit-price sub\">(38,07\u00a0\u20ac Litre)<\/p>\n<\/div>\n<\/div>\n<div id=\"product-description-short\">\n<p>Le dessert a toujours avoir dans son placard : de d\u00e9licieux canel\u00e9s imbib\u00e9s d&#8217;un succulent sirop \u00e0 l&#8217;armagnac !<\/p>\n<p>260g : 6 Canel\u00e9s.<\/p>\n<\/div>\n","protected":false},"featured_media":18785,"template":"","meta":{"_monsterinsights_skip_tracking":false,"_monsterinsights_sitenote_active":false,"_monsterinsights_sitenote_note":"","_monsterinsights_sitenote_category":0},"product_brand":[],"product_cat":[121],"product_tag":[],"class_list":{"0":"post-18784","1":"product","2":"type-product","3":"status-publish","4":"has-post-thumbnail","6":"product_cat-babas-au-rhum","8":"first","9":"instock","10":"shipping-taxable","11":"purchasable","12":"product-type-simple"},"jetpack_sharing_enabled":true,"_links":{"self":[{"href":"https:\/\/www.lepicerieduphare.fr\/accueil\/wp-json\/wp\/v2\/product\/18784","targetHints":{"allow":["GET"]}}],"collection":[{"href":"https:\/\/www.lepicerieduphare.fr\/accueil\/wp-json\/wp\/v2\/product"}],"about":[{"href":"https:\/\/www.lepicerieduphare.fr\/accueil\/wp-json\/wp\/v2\/types\/product"}],"version-history":[{"count":1,"href":"https:\/\/www.lepicerieduphare.fr\/accueil\/wp-json\/wp\/v2\/product\/18784\/revisions"}],"predecessor-version":[{"id":20538,"href":"https:\/\/www.lepicerieduphare.fr\/accueil\/wp-json\/wp\/v2\/product\/18784\/revisions\/20538"}],"wp:featuredmedia":[{"embeddable":true,"href":"https:\/\/www.lepicerieduphare.fr\/accueil\/wp-json\/wp\/v2\/media\/18785"}],"wp:attachment":[{"href":"https:\/\/www.lepicerieduphare.fr\/accueil\/wp-json\/wp\/v2\/media?parent=18784"}],"wp:term":[{"taxonomy":"product_brand","embeddable":true,"href":"https:\/\/www.lepicerieduphare.fr\/accueil\/wp-json\/wp\/v2\/product_brand?post=18784"},{"taxonomy":"product_cat","embeddable":true,"href":"https:\/\/www.lepicerieduphare.fr\/accueil\/wp-json\/wp\/v2\/product_cat?post=18784"},{"taxonomy":"product_tag","embeddable":true,"href":"https:\/\/www.lepicerieduphare.fr\/accueil\/wp-json\/wp\/v2\/product_tag?post=18784"}],"curies":[{"name":"wp","href":"https:\/\/api.w.org\/{rel}","templated":true}]}}