{"id":18767,"date":"2020-04-25T18:23:41","date_gmt":"2020-04-25T16:23:41","guid":{"rendered":"https:\/\/www.lepicerieduphare.fr\/?post_type=product&#038;p=18767"},"modified":"2022-09-16T17:54:08","modified_gmt":"2022-09-16T15:54:08","slug":"moutarde-a-lancienne-au-piment-despelette-100g","status":"publish","type":"product","link":"https:\/\/www.lepicerieduphare.fr\/accueil\/produit\/chocolat-brest-idee-cadeaux\/moutarde-a-lancienne-au-piment-despelette-100g\/","title":{"rendered":"Moutarde \u00e0 l&#8217;ancienne au Piment d&#8217;Espelette 100G"},"content":{"rendered":"<div id=\"product-description-short\">\n<p>Une <strong>moutarde \u00e0 l&#8217;ancienne<\/strong> .. mais kesako ? Une d\u00e9licieuse moutarde r\u00e9alis\u00e9e \u00e0 partir de graines de moutarde l\u00e9g\u00e8rement broy\u00e9es mais dont l&#8217;enveloppe n&#8217;a pas \u00e9t\u00e9 enlev\u00e9e. Sa texture granuleuse particuli\u00e8re lui conf\u00e8re une agr\u00e9able sensation en bouche et lui permet d&#8217;agr\u00e9menter de nombreux plats.<br \/>\nC&#8217;est tout ce savoir-faire et cette association de texture et de saveur que nous avons voulu partager dans notre moutarde \u00e0 l&#8217;ancienne au <strong>piment d&#8217;Espelette<\/strong>.<\/p>\n<\/div>\n","protected":false},"excerpt":{"rendered":"<p>Une moutarde \u00e0 l&#8217;ancienne .. mais kesako ? Une d\u00e9licieuse moutarde r\u00e9alis\u00e9e \u00e0 partir de graines de moutarde l\u00e9g\u00e8rement broy\u00e9es mais&#8230;<\/p>\n","protected":false},"featured_media":18768,"template":"","meta":{"_monsterinsights_skip_tracking":false,"_monsterinsights_sitenote_active":false,"_monsterinsights_sitenote_note":"","_monsterinsights_sitenote_category":0},"product_brand":[],"product_cat":[147],"product_tag":[],"class_list":{"0":"post-18767","1":"product","2":"type-product","3":"status-publish","4":"has-post-thumbnail","6":"product_cat-moutarde","8":"first","9":"instock","10":"shipping-taxable","11":"purchasable","12":"product-type-simple"},"jetpack_sharing_enabled":true,"_links":{"self":[{"href":"https:\/\/www.lepicerieduphare.fr\/accueil\/wp-json\/wp\/v2\/product\/18767","targetHints":{"allow":["GET"]}}],"collection":[{"href":"https:\/\/www.lepicerieduphare.fr\/accueil\/wp-json\/wp\/v2\/product"}],"about":[{"href":"https:\/\/www.lepicerieduphare.fr\/accueil\/wp-json\/wp\/v2\/types\/product"}],"version-history":[{"count":1,"href":"https:\/\/www.lepicerieduphare.fr\/accueil\/wp-json\/wp\/v2\/product\/18767\/revisions"}],"predecessor-version":[{"id":20180,"href":"https:\/\/www.lepicerieduphare.fr\/accueil\/wp-json\/wp\/v2\/product\/18767\/revisions\/20180"}],"wp:featuredmedia":[{"embeddable":true,"href":"https:\/\/www.lepicerieduphare.fr\/accueil\/wp-json\/wp\/v2\/media\/18768"}],"wp:attachment":[{"href":"https:\/\/www.lepicerieduphare.fr\/accueil\/wp-json\/wp\/v2\/media?parent=18767"}],"wp:term":[{"taxonomy":"product_brand","embeddable":true,"href":"https:\/\/www.lepicerieduphare.fr\/accueil\/wp-json\/wp\/v2\/product_brand?post=18767"},{"taxonomy":"product_cat","embeddable":true,"href":"https:\/\/www.lepicerieduphare.fr\/accueil\/wp-json\/wp\/v2\/product_cat?post=18767"},{"taxonomy":"product_tag","embeddable":true,"href":"https:\/\/www.lepicerieduphare.fr\/accueil\/wp-json\/wp\/v2\/product_tag?post=18767"}],"curies":[{"name":"wp","href":"https:\/\/api.w.org\/{rel}","templated":true}]}}