{"id":18746,"date":"2020-04-25T17:48:12","date_gmt":"2020-04-25T15:48:12","guid":{"rendered":"https:\/\/www.lepicerieduphare.fr\/?post_type=product&#038;p=18746"},"modified":"2021-10-04T10:20:53","modified_gmt":"2021-10-04T08:20:53","slug":"petrouchka-the-earl-grey-gout-russe-100g","status":"publish","type":"product","link":"https:\/\/www.lepicerieduphare.fr\/accueil\/produit\/chocolat-brest-idee-cadeaux\/petrouchka-the-earl-grey-gout-russe-100g\/","title":{"rendered":"Petrouchka : Th\u00e9 Earl Grey go\u00fbt russe 100G"},"content":{"rendered":"<h1 class=\"h1\">Petrouchka : Th\u00e9 Earl Grey go\u00fbt russe<\/h1>\n<div id=\"vue-product-prices\" class=\"product-prices\">\n<div class=\"product-price h5 \">\n<div class=\"current-price\">6,90\u00a0\u20ac<\/div>\n<p class=\"product-unit-price sub\">(69,00\u00a0\u20ac kilo)<\/p>\n<\/div>\n<\/div>\n<div id=\"product-description-short\">Le th\u00e9 noir est en r\u00e9alit\u00e9 un th\u00e9 vert oxyd\u00e9 c\u2019est-\u00e0-dire laiss\u00e9 \u00e0 l\u2019air libre dans une atmosph\u00e8re humide lui conf\u00e9rant ainsi plus de th\u00e9ine que les autres th\u00e9s. Avec des fleurs de tournesol et des notes d\u2019agrumes, ce grand classique ne vous laissera pas indiff\u00e9rent. Belle alternative \u00e0 l\u2019Earl Grey, cet incontournable cocktail vous apportera douceur et harmonie.<\/div>\n<p><b>Ingr\u00e9dients : <\/b> Th\u00e9 noir de Chine, ar\u00f4me naturel \u00e9corce de citron, fleurs de tournesol.<\/p>\n","protected":false},"excerpt":{"rendered":"<h1 class=\"h1\">Petrouchka : Th\u00e9 Earl Grey go\u00fbt russe<\/h1>\n<div id=\"vue-product-prices\" class=\"product-prices\">\n<div class=\"product-price h5 \">\n<div class=\"current-price\">6,90\u00a0\u20ac<\/div>\n<p class=\"product-unit-price sub\">(69,00\u00a0\u20ac kilo)<\/p>\n<\/div>\n<\/div>\n<div id=\"product-description-short\">Le th\u00e9 noir est en r\u00e9alit\u00e9 un th\u00e9 vert oxyd\u00e9 c\u2019est-\u00e0-dire laiss\u00e9 \u00e0 l\u2019air libre dans une atmosph\u00e8re humide lui conf\u00e9rant ainsi plus de th\u00e9ine que les autres th\u00e9s. Avec des fleurs de tournesol et des notes d\u2019agrumes, ce grand classique ne vous laissera pas indiff\u00e9rent. Belle alternative \u00e0 l\u2019Earl Grey, cet incontournable cocktail vous apportera douceur et harmonie.<\/div>\n","protected":false},"featured_media":18747,"template":"","meta":{"_monsterinsights_skip_tracking":false,"_monsterinsights_sitenote_active":false,"_monsterinsights_sitenote_note":"","_monsterinsights_sitenote_category":0},"product_brand":[],"product_cat":[118],"product_tag":[],"class_list":{"0":"post-18746","1":"product","2":"type-product","3":"status-publish","4":"has-post-thumbnail","6":"product_cat-thes","8":"first","9":"instock","10":"shipping-taxable","11":"purchasable","12":"product-type-simple"},"jetpack_sharing_enabled":true,"_links":{"self":[{"href":"https:\/\/www.lepicerieduphare.fr\/accueil\/wp-json\/wp\/v2\/product\/18746","targetHints":{"allow":["GET"]}}],"collection":[{"href":"https:\/\/www.lepicerieduphare.fr\/accueil\/wp-json\/wp\/v2\/product"}],"about":[{"href":"https:\/\/www.lepicerieduphare.fr\/accueil\/wp-json\/wp\/v2\/types\/product"}],"version-history":[{"count":0,"href":"https:\/\/www.lepicerieduphare.fr\/accueil\/wp-json\/wp\/v2\/product\/18746\/revisions"}],"wp:featuredmedia":[{"embeddable":true,"href":"https:\/\/www.lepicerieduphare.fr\/accueil\/wp-json\/wp\/v2\/media\/18747"}],"wp:attachment":[{"href":"https:\/\/www.lepicerieduphare.fr\/accueil\/wp-json\/wp\/v2\/media?parent=18746"}],"wp:term":[{"taxonomy":"product_brand","embeddable":true,"href":"https:\/\/www.lepicerieduphare.fr\/accueil\/wp-json\/wp\/v2\/product_brand?post=18746"},{"taxonomy":"product_cat","embeddable":true,"href":"https:\/\/www.lepicerieduphare.fr\/accueil\/wp-json\/wp\/v2\/product_cat?post=18746"},{"taxonomy":"product_tag","embeddable":true,"href":"https:\/\/www.lepicerieduphare.fr\/accueil\/wp-json\/wp\/v2\/product_tag?post=18746"}],"curies":[{"name":"wp","href":"https:\/\/api.w.org\/{rel}","templated":true}]}}