{"id":18261,"date":"2020-04-13T18:42:39","date_gmt":"2020-04-13T16:42:39","guid":{"rendered":"https:\/\/www.lepicerieduphare.fr\/?post_type=product&#038;p=18261"},"modified":"2021-05-26T15:52:10","modified_gmt":"2021-05-26T13:52:10","slug":"so-frenchy-100-noisettes-francaises-250g-copie","status":"publish","type":"product","link":"https:\/\/www.lepicerieduphare.fr\/accueil\/produit\/chocolat-brest-idee-cadeaux\/so-frenchy-100-noisettes-francaises-250g-copie\/","title":{"rendered":"Lait Noisette 30% &#8211; P\u00e2te \u00e0 Tartiner 250G"},"content":{"rendered":"<h1 class=\"h1\">Lait Noisette 30% &#8211; P\u00e2te \u00e0 Tartiner<\/h1>\n<div id=\"product-description-short\">\n<p>Notre <strong>p\u00e2te \u00e0 tartiner<\/strong> \u00e0 la <strong>noisette<\/strong> est plus riche en noisette que les p\u00e2tes \u00e0 tartiner classique\u00a0! Avec sa <strong>forte teneur en p\u00e2te<\/strong>, elle procure une \u00e9motion gourmande sans pareil. <strong>R\u00e9alis\u00e9e<\/strong> dans le <strong>sud<\/strong> de la <strong>France<\/strong>, dans notre <strong>fabrique<\/strong>, nous nous attachons \u00e0 toujours donner le meilleur dans chaque pot. <strong>SANS OGM et SANS HUILE DE PALME<\/strong>, nous sommes les premiers \u00e0 avoir imagin\u00e9 une p\u00e2te \u00e0 tartiner avec toutes ses qualit\u00e9s. Les saveurs et les propri\u00e9t\u00e9s gustatives que vous retrouverez vous laisseront un plaisir incomparable. Sur une tartine de pain \u00e0 leur du go\u00fbter ou au d\u00e9jeuner, ou encore sur une brioche, gaufre ou biscotte, les associations en seront infinies.<\/p>\n<\/div>\n<p><b>Ingr\u00e9dients : <\/b> Sucre, p\u00e2te de NOISETTES 30%, graisses v\u00e9g\u00e9tales (huiles : tournesol, grignon d&#8217;olives, carthame et beurre de cacao), LAIT \u00e9cr\u00e9m\u00e9 en poudre 11%, cacao maigre en poudre, \u00e9mulsifiant : l\u00e9cithine de SOJA.<\/p>\n<p>&nbsp;<\/p>\n<p>&nbsp;<\/p>\n<p>&nbsp;<\/p>\n<div class=\"product-actions\">\n<form id=\"add-to-cart-or-refresh\" action=\"https:\/\/www.lecomptoirdemathilde.com\/fr\/panier\" method=\"post\">\n<div class=\"product-add-to-cart\"><span class=\"control-label\">\u00a0<\/span><\/div>\n<\/form>\n<\/div>\n<p>&nbsp;<\/p>\n<div class=\"product-actions\">\n<form id=\"add-to-cart-or-refresh\" action=\"https:\/\/www.lecomptoirdemathilde.com\/fr\/panier\" method=\"post\">\n<div class=\"product-variants\"><\/div>\n<div class=\"product-add-to-cart\"><span class=\"control-label\">\u00a0<\/span><\/div>\n<\/form>\n<\/div>\n<p>&nbsp;<\/p>\n<h3 id=\"nutritional-values\" class=\"h5\"><\/h3>\n<p>&nbsp;<\/p>\n<p>&nbsp;<\/p>\n<p>&nbsp;<\/p>\n<p>&nbsp;<\/p>\n<div id=\"product-description-short\">\n<div id=\"product-description-short\">\n<p>&nbsp;<\/p>\n<\/div>\n<\/div>\n<div id=\"product-description-short\">\n<p>&nbsp;<\/p>\n<\/div>\n","protected":false},"excerpt":{"rendered":"<h1 class=\"h1\">Lait Noisette 30% &#8211; P\u00e2te \u00e0 Tartiner<\/h1>\n<div id=\"product-description-short\">\n<p>Notre <strong>p\u00e2te \u00e0 tartiner<\/strong> \u00e0 la <strong>noisette<\/strong> est plus riche en noisette que les p\u00e2tes \u00e0 tartiner classique\u00a0! Avec sa <strong>forte teneur en p\u00e2te<\/strong>, elle procure une \u00e9motion gourmande sans pareil. <strong>R\u00e9alis\u00e9e<\/strong> dans le <strong>sud<\/strong> de la <strong>France<\/strong>, dans notre <strong>fabrique<\/strong>, nous nous attachons \u00e0 toujours donner le meilleur dans chaque pot. <strong>SANS OGM et SANS HUILE DE PALME<\/strong>, nous sommes les premiers \u00e0 avoir imagin\u00e9 une p\u00e2te \u00e0 tartiner avec toutes ses qualit\u00e9s. Les saveurs et les propri\u00e9t\u00e9s gustatives que vous retrouverez vous laisseront un plaisir incomparable. Sur une tartine de pain \u00e0 leur du go\u00fbter ou au d\u00e9jeuner, ou encore sur une brioche, gaufre ou biscotte, les associations en seront infinies.<\/p>\n<\/div>\n<p>&nbsp;<\/p>\n<p>&nbsp;<\/p>\n<p>&nbsp;<\/p>\n<p>&nbsp;<\/p>\n<p>&nbsp;<\/p>\n<p>&nbsp;<\/p>\n<p>&nbsp;<\/p>\n<p>&nbsp;<\/p>\n<p>&nbsp;<\/p>\n<p>&nbsp;<\/p>\n<p>&nbsp;<\/p>\n<p>&nbsp;<\/p>\n<p>&nbsp;<\/p>\n<p>&nbsp;<\/p>\n<div class=\"product-actions\">\n<form id=\"add-to-cart-or-refresh\" action=\"https:\/\/www.lecomptoirdemathilde.com\/fr\/panier\" method=\"post\">\n<div class=\"product-add-to-cart\"><span class=\"control-label\">\u00a0<\/span><\/div>\n<\/form>\n<\/div>\n<p>&nbsp;<\/p>\n<p>&nbsp;<\/p>\n<div class=\"product-actions\">\n<form id=\"add-to-cart-or-refresh\" action=\"https:\/\/www.lecomptoirdemathilde.com\/fr\/panier\" method=\"post\">\n<div class=\"product-variants\"><\/div>\n<div class=\"product-add-to-cart\"><span class=\"control-label\">\u00a0<\/span><\/div>\n<\/form>\n<\/div>\n<p>&nbsp;<\/p>\n<p>&nbsp;<\/p>\n<p>&nbsp;<\/p>\n<p>&nbsp;<\/p>\n<p>&nbsp;<\/p>\n<p>&nbsp;<\/p>\n<p>&nbsp;<\/p>\n<p>&nbsp;<\/p>\n<div id=\"product-description-short\">\n<div id=\"vue-product-prices\" class=\"product-prices\">\n<div class=\"product-price h5 \"><\/div>\n<\/div>\n<div id=\"product-description-short\">\n<div id=\"product-description-short\">\n<div id=\"product-description-short\">\n<div id=\"product-description-short\">\n<div id=\"product-description-short\">\n<p>&nbsp;<\/p>\n<\/div>\n<\/div>\n<\/div>\n<\/div>\n<\/div>\n<\/div>\n","protected":false},"featured_media":18262,"template":"","meta":{"_monsterinsights_skip_tracking":false,"_monsterinsights_sitenote_active":false,"_monsterinsights_sitenote_note":"","_monsterinsights_sitenote_category":0},"product_brand":[],"product_cat":[124],"product_tag":[],"class_list":{"0":"post-18261","1":"product","2":"type-product","3":"status-publish","4":"has-post-thumbnail","6":"product_cat-pates-a-tartiner","8":"first","9":"instock","10":"shipping-taxable","11":"purchasable","12":"product-type-simple"},"jetpack_sharing_enabled":true,"_links":{"self":[{"href":"https:\/\/www.lepicerieduphare.fr\/accueil\/wp-json\/wp\/v2\/product\/18261","targetHints":{"allow":["GET"]}}],"collection":[{"href":"https:\/\/www.lepicerieduphare.fr\/accueil\/wp-json\/wp\/v2\/product"}],"about":[{"href":"https:\/\/www.lepicerieduphare.fr\/accueil\/wp-json\/wp\/v2\/types\/product"}],"version-history":[{"count":0,"href":"https:\/\/www.lepicerieduphare.fr\/accueil\/wp-json\/wp\/v2\/product\/18261\/revisions"}],"wp:featuredmedia":[{"embeddable":true,"href":"https:\/\/www.lepicerieduphare.fr\/accueil\/wp-json\/wp\/v2\/media\/18262"}],"wp:attachment":[{"href":"https:\/\/www.lepicerieduphare.fr\/accueil\/wp-json\/wp\/v2\/media?parent=18261"}],"wp:term":[{"taxonomy":"product_brand","embeddable":true,"href":"https:\/\/www.lepicerieduphare.fr\/accueil\/wp-json\/wp\/v2\/product_brand?post=18261"},{"taxonomy":"product_cat","embeddable":true,"href":"https:\/\/www.lepicerieduphare.fr\/accueil\/wp-json\/wp\/v2\/product_cat?post=18261"},{"taxonomy":"product_tag","embeddable":true,"href":"https:\/\/www.lepicerieduphare.fr\/accueil\/wp-json\/wp\/v2\/product_tag?post=18261"}],"curies":[{"name":"wp","href":"https:\/\/api.w.org\/{rel}","templated":true}]}}