{"id":18232,"date":"2020-04-13T17:12:27","date_gmt":"2020-04-13T15:12:27","guid":{"rendered":"https:\/\/www.lepicerieduphare.fr\/?post_type=product&#038;p=18232"},"modified":"2022-01-11T09:34:43","modified_gmt":"2022-01-11T08:34:43","slug":"preparation-culinaire-a-base-de-vinaigre-facon-mojito250ml-copie","status":"publish","type":"product","link":"https:\/\/www.lepicerieduphare.fr\/accueil\/produit\/chocolat-brest-idee-cadeaux\/preparation-culinaire-a-base-de-vinaigre-facon-mojito250ml-copie\/","title":{"rendered":"Sel Rose de l&#8217;Himalaya &#8211; Empilable et Rechargeable 300G"},"content":{"rendered":"<h1 class=\"h1\">Sel Rose de l&#8217;Himalaya &#8211; Empilable<\/h1>\n<div id=\"product-description-short\">\n<p>Moulin empilable <strong>100<\/strong>% <strong>sel rose <\/strong>de <strong>l&#8217;Himalaya<\/strong>.\u00a0Ce sel fossile, de 200 millions d&#8217;ann\u00e9es environ, est d&#8217;une puret\u00e9 rare. Il provient de mines dans les contreforts de l&#8217;Himalaya. Il doit sa qualit\u00e9 exceptionnelle notamment au fait qu&#8217;il a \u00e9t\u00e9 pr\u00e9serv\u00e9, en restant sous terre, de tous les m\u00e9faits de la pollution et des rejets toxiques.<\/p>\n<p>Ses <strong>propri\u00e9t\u00e9s\u00a0<\/strong>? Non raffin\u00e9, notre sel rose de l&#8217;Himalaya est tr\u00e8s riche en <strong>sels min\u00e9raux<\/strong> et <strong>oligo-\u00e9l\u00e9ments<\/strong> dont le fer, le potassium, le magn\u00e9sium, le calcium, le phosphore, le mangan\u00e8se et le zinc. Contrairement au sel de mer il est <strong>non iod\u00e9<\/strong> et est r\u00e9put\u00e9 pour ses effets d\u00e9toxifiants.<\/p>\n<\/div>\n","protected":false},"excerpt":{"rendered":"<p>Sel Rose de l&#8217;Himalaya &#8211; Empilable Moulin empilable 100% sel rose de l&#8217;Himalaya.\u00a0Ce sel fossile, de 200 millions d&#8217;ann\u00e9es environ, est&#8230;<\/p>\n","protected":false},"featured_media":18234,"template":"","meta":{"_monsterinsights_skip_tracking":false,"_monsterinsights_sitenote_active":false,"_monsterinsights_sitenote_note":"","_monsterinsights_sitenote_category":0},"product_brand":[],"product_cat":[119],"product_tag":[],"class_list":{"0":"post-18232","1":"product","2":"type-product","3":"status-publish","4":"has-post-thumbnail","6":"product_cat-sels-poivres","8":"first","9":"instock","10":"shipping-taxable","11":"purchasable","12":"product-type-simple"},"jetpack_sharing_enabled":true,"_links":{"self":[{"href":"https:\/\/www.lepicerieduphare.fr\/accueil\/wp-json\/wp\/v2\/product\/18232","targetHints":{"allow":["GET"]}}],"collection":[{"href":"https:\/\/www.lepicerieduphare.fr\/accueil\/wp-json\/wp\/v2\/product"}],"about":[{"href":"https:\/\/www.lepicerieduphare.fr\/accueil\/wp-json\/wp\/v2\/types\/product"}],"version-history":[{"count":1,"href":"https:\/\/www.lepicerieduphare.fr\/accueil\/wp-json\/wp\/v2\/product\/18232\/revisions"}],"predecessor-version":[{"id":20226,"href":"https:\/\/www.lepicerieduphare.fr\/accueil\/wp-json\/wp\/v2\/product\/18232\/revisions\/20226"}],"wp:featuredmedia":[{"embeddable":true,"href":"https:\/\/www.lepicerieduphare.fr\/accueil\/wp-json\/wp\/v2\/media\/18234"}],"wp:attachment":[{"href":"https:\/\/www.lepicerieduphare.fr\/accueil\/wp-json\/wp\/v2\/media?parent=18232"}],"wp:term":[{"taxonomy":"product_brand","embeddable":true,"href":"https:\/\/www.lepicerieduphare.fr\/accueil\/wp-json\/wp\/v2\/product_brand?post=18232"},{"taxonomy":"product_cat","embeddable":true,"href":"https:\/\/www.lepicerieduphare.fr\/accueil\/wp-json\/wp\/v2\/product_cat?post=18232"},{"taxonomy":"product_tag","embeddable":true,"href":"https:\/\/www.lepicerieduphare.fr\/accueil\/wp-json\/wp\/v2\/product_tag?post=18232"}],"curies":[{"name":"wp","href":"https:\/\/api.w.org\/{rel}","templated":true}]}}