{"id":18130,"date":"2020-04-13T14:01:09","date_gmt":"2020-04-13T12:01:09","guid":{"rendered":"https:\/\/www.lepicerieduphare.fr\/?post_type=product&#038;p=18130"},"modified":"2020-11-29T10:52:26","modified_gmt":"2020-11-29T09:52:26","slug":"mathildette-apero-parisienne-copie-2","status":"publish","type":"product","link":"https:\/\/www.lepicerieduphare.fr\/accueil\/produit\/chocolat-brest-idee-cadeaux\/mathildette-apero-parisienne-copie-2\/","title":{"rendered":"LOT 3 TARTINABLES DE LE MER &#8220;Brest Seller&#8221;"},"content":{"rendered":"<h1 class=\"h1\">LOT 3 TARTINABLES DE LA MER<\/h1>\n<h1 class=\"h1\">Bar au chorizo 100G, ST Jacques \u00e0 la cr\u00e8me 100G, Duo de Saumon cr\u00e8me et citron vert 100G<\/h1>\n<div id=\"product-description-short\">\n<p>Le Comptoir de Mathilde vous convie \u00e0 un nouveau voyage avec la <strong>mer <\/strong>pour destination \u2026 \u00a0mais pas que. Une d\u00e9couverte culinaire entre <strong>terre <\/strong>&amp; <strong>mer <\/strong>pour marier les plaisirs et les <strong>sensations gustatives<\/strong>. Du <strong>bar<\/strong> et du <strong>chorizo<\/strong> dans une seule et m\u00eame <strong>tartinable<\/strong>. Avec un met d&#8217;exception &#8220;La <strong>Saint Jacques <\/strong>\u00e0 la <strong>cr\u00e8me<\/strong>&#8221; dans un \u00e9crin de d\u00e9gustation au format de <strong>100g<\/strong>, le partage et la d\u00e9couverte culinaire en sera d\u00e9cupl\u00e9. Notre <strong>duo de Saumon cr\u00e8me <\/strong>et <strong>citron vert <\/strong>se d\u00e9guste en <strong>toast <\/strong>ou en association de <strong>pr\u00e9parations culinaires<\/strong> : <strong>une verrine <\/strong>de pois chiche ou une <strong>soupe <\/strong>par exemple.<\/p>\n<p>&nbsp;<\/p>\n<\/div>\n","protected":false},"excerpt":{"rendered":"<h1 class=\"h1\">LOT 3 TARTINABLES DE LA MER<\/h1>\n<h1 class=\"h1\">Bar au chorizo 100G, ST Jacques \u00e0 la cr\u00e8me 100G, Duo de Saumon cr\u00e8me et citron vert 100G<\/h1>\n<div id=\"product-description-short\">\n<p>Le Comptoir de Mathilde vous convie \u00e0 un nouveau voyage avec la <strong>mer <\/strong>pour destination \u2026 \u00a0mais pas que. Une d\u00e9couverte culinaire entre <strong>terre <\/strong>&amp; <strong>mer <\/strong>pour marier les plaisirs et les <strong>sensations gustatives<\/strong>. Du <strong>bar<\/strong> et du <strong>chorizo<\/strong> dans une seule et m\u00eame <strong>tartinable<\/strong>. Avec un met d&#8217;exception &#8220;La <strong>Saint Jacques <\/strong>\u00e0 la <strong>cr\u00e8me<\/strong>&#8221; dans un \u00e9crin de d\u00e9gustation au format de <strong>100g<\/strong>, le partage et la d\u00e9couverte culinaire en sera d\u00e9cupl\u00e9. Notre <strong>duo de Saumon cr\u00e8me <\/strong>et <strong>citron vert <\/strong>se d\u00e9guste en <strong>toast <\/strong>ou en association de <strong>pr\u00e9parations culinaires<\/strong> : <strong>une verrine <\/strong>de pois chiche ou une <strong>soupe <\/strong>par exemple.<\/p>\n<\/div>\n","protected":false},"featured_media":18132,"template":"","meta":{"_monsterinsights_skip_tracking":false,"_monsterinsights_sitenote_active":false,"_monsterinsights_sitenote_note":"","_monsterinsights_sitenote_category":0},"product_brand":[],"product_cat":[108],"product_tag":[],"class_list":{"0":"post-18130","1":"product","2":"type-product","3":"status-publish","4":"has-post-thumbnail","6":"product_cat-coffrets-cadeaux-brest","8":"first","9":"instock","10":"sale","11":"shipping-taxable","12":"purchasable","13":"product-type-simple"},"jetpack_sharing_enabled":true,"_links":{"self":[{"href":"https:\/\/www.lepicerieduphare.fr\/accueil\/wp-json\/wp\/v2\/product\/18130","targetHints":{"allow":["GET"]}}],"collection":[{"href":"https:\/\/www.lepicerieduphare.fr\/accueil\/wp-json\/wp\/v2\/product"}],"about":[{"href":"https:\/\/www.lepicerieduphare.fr\/accueil\/wp-json\/wp\/v2\/types\/product"}],"version-history":[{"count":0,"href":"https:\/\/www.lepicerieduphare.fr\/accueil\/wp-json\/wp\/v2\/product\/18130\/revisions"}],"wp:featuredmedia":[{"embeddable":true,"href":"https:\/\/www.lepicerieduphare.fr\/accueil\/wp-json\/wp\/v2\/media\/18132"}],"wp:attachment":[{"href":"https:\/\/www.lepicerieduphare.fr\/accueil\/wp-json\/wp\/v2\/media?parent=18130"}],"wp:term":[{"taxonomy":"product_brand","embeddable":true,"href":"https:\/\/www.lepicerieduphare.fr\/accueil\/wp-json\/wp\/v2\/product_brand?post=18130"},{"taxonomy":"product_cat","embeddable":true,"href":"https:\/\/www.lepicerieduphare.fr\/accueil\/wp-json\/wp\/v2\/product_cat?post=18130"},{"taxonomy":"product_tag","embeddable":true,"href":"https:\/\/www.lepicerieduphare.fr\/accueil\/wp-json\/wp\/v2\/product_tag?post=18130"}],"curies":[{"name":"wp","href":"https:\/\/api.w.org\/{rel}","templated":true}]}}