{"id":17892,"date":"2020-04-03T17:01:51","date_gmt":"2020-04-03T15:01:51","guid":{"rendered":"https:\/\/www.lepicerieduphare.fr\/?post_type=product&#038;p=17892"},"modified":"2022-09-16T17:38:17","modified_gmt":"2022-09-16T15:38:17","slug":"chocolat-au-lait-oscar-ourson-guimauve-chocolat-a-casser-copie","status":"publish","type":"product","link":"https:\/\/www.lepicerieduphare.fr\/accueil\/produit\/chocolat-brest-idee-cadeaux\/chocolat-au-lait-oscar-ourson-guimauve-chocolat-a-casser-copie\/","title":{"rendered":"Noisettes du Pi\u00e9mont Chocolat au Lait &#8211; Chocolat \u00e0 casser"},"content":{"rendered":"<h1 class=\"h1\">Noisettes du Pi\u00e9mont Chocolat au Lait &#8211; Chocolat \u00e0 casser<\/h1>\n<div id=\"product-description-short\">\n<p>Le Chocolat \u00e0 casser Noisettes&#8230; Jolie bo\u00eete accompagn\u00e9e d&#8217;un maillet en bois. Pour rompre les soir\u00e9es monotones. Cette plaque de 400 gr de Chocolat se partage seul, en famille ou entre amis&#8230;<\/p>\n<\/div>\n<p>&nbsp;<\/p>\n<p>&nbsp;<\/p>\n<p>&nbsp;<\/p>\n<p>&nbsp;<\/p>\n<p>&nbsp;<\/p>\n","protected":false},"excerpt":{"rendered":"<h1 class=\"h1\">Noisettes du Pi\u00e9mont Chocolat au Lait &#8211; Chocolat \u00e0 casser<\/h1>\n<div id=\"product-description-short\">\n<p>Le Chocolat \u00e0 casser Noisettes&#8230; Jolie bo\u00eete accompagn\u00e9e d&#8217;un maillet en bois. Pour rompre les soir\u00e9es monotones. Cette plaque de 400 gr de Chocolat se partage seul, en famille ou entre amis&#8230;<\/p>\n<\/div>\n<p>&nbsp;<\/p>\n<p>400G<\/p>\n<p>&nbsp;<\/p>\n<p>&nbsp;<\/p>\n","protected":false},"featured_media":17893,"template":"","meta":{"_monsterinsights_skip_tracking":false,"_monsterinsights_sitenote_active":false,"_monsterinsights_sitenote_note":"","_monsterinsights_sitenote_category":0},"product_brand":[],"product_cat":[116],"product_tag":[],"class_list":{"0":"post-17892","1":"product","2":"type-product","3":"status-publish","4":"has-post-thumbnail","6":"product_cat-chocolat-a-casser","8":"first","9":"instock","10":"shipping-taxable","11":"purchasable","12":"product-type-simple"},"jetpack_sharing_enabled":true,"_links":{"self":[{"href":"https:\/\/www.lepicerieduphare.fr\/accueil\/wp-json\/wp\/v2\/product\/17892","targetHints":{"allow":["GET"]}}],"collection":[{"href":"https:\/\/www.lepicerieduphare.fr\/accueil\/wp-json\/wp\/v2\/product"}],"about":[{"href":"https:\/\/www.lepicerieduphare.fr\/accueil\/wp-json\/wp\/v2\/types\/product"}],"version-history":[{"count":1,"href":"https:\/\/www.lepicerieduphare.fr\/accueil\/wp-json\/wp\/v2\/product\/17892\/revisions"}],"predecessor-version":[{"id":20503,"href":"https:\/\/www.lepicerieduphare.fr\/accueil\/wp-json\/wp\/v2\/product\/17892\/revisions\/20503"}],"wp:featuredmedia":[{"embeddable":true,"href":"https:\/\/www.lepicerieduphare.fr\/accueil\/wp-json\/wp\/v2\/media\/17893"}],"wp:attachment":[{"href":"https:\/\/www.lepicerieduphare.fr\/accueil\/wp-json\/wp\/v2\/media?parent=17892"}],"wp:term":[{"taxonomy":"product_brand","embeddable":true,"href":"https:\/\/www.lepicerieduphare.fr\/accueil\/wp-json\/wp\/v2\/product_brand?post=17892"},{"taxonomy":"product_cat","embeddable":true,"href":"https:\/\/www.lepicerieduphare.fr\/accueil\/wp-json\/wp\/v2\/product_cat?post=17892"},{"taxonomy":"product_tag","embeddable":true,"href":"https:\/\/www.lepicerieduphare.fr\/accueil\/wp-json\/wp\/v2\/product_tag?post=17892"}],"curies":[{"name":"wp","href":"https:\/\/api.w.org\/{rel}","templated":true}]}}